99 a prime number?
False
Is 231643 a prime number?
True
Is 519529 prime?
False
Is 9986 composite?
True
Is 35863 a composite number?
False
Is 15109 prime?
False
Is 111821 a composite number?
False
Is 97739 composite?
True
Is 589507 composite?
False
Is 4922867 composite?
False
Is 30337 prime?
False
Is 179857 prime?
False
Is 844031 composite?
True
Is 778019 a prime number?
False
Is 138479 prime?
False
Is 166331 composite?
True
Is 4741 prime?
False
Is 102251 a prime number?
True
Is 3659 a composite number?
False
Is 33823 a composite number?
True
Is 13519 prime?
False
Is 1343 composite?
True
Is 5387 a prime number?
True
Is 87071 composite?
False
Is 3803311 prime?
True
Is 89729 a prime number?
False
Is 27647 prime?
True
Is 107443 prime?
False
Is 2481601 composite?
False
Is 111307 a composite number?
True
Is 13043 a composite number?
False
Is 140359 composite?
True
Is 719 prime?
True
Is 9299 a composite number?
True
Is 7019 a composite number?
False
Is 5981 prime?
True
Is 199313 a prime number?
True
Is 15259 composite?
False
Is 10007 composite?
False
Is 29071 a prime number?
False
Is 409 a prime number?
True
Is 251843 composite?
False
Is 84919 a prime number?
True
Is 669967 a prime number?
False
Is 133571 a composite number?
False
Is 1987693 prime?
True
Is 469229 a composite number?
False
Is 972007 a composite number?
True
Is 464245 composite?
True
Is 148315 a composite number?
True
Is 5923 composite?
False
Is 88117 a composite number?
False
Is 1043171 a composite number?
True
Is 2925527 a composite number?
True
Is 30169 a composite number?
False
Is 1031027 a prime number?
False
Is 28562 a prime number?
False
Is 48641 a composite number?
True
Is 5299 composite?
True
Is 173113 composite?
True
Is 5959 a composite number?
True
Is 283895 prime?
False
Is 49597 a prime number?
True
Is 3377 composite?
True
Is 4663 a prime number?
True
Is 4011221 a prime number?
True
Is 267097 prime?
True
Is 69682 a prime number?
False
Is 24793 a composite number?
False
Is 272863 a prime number?
True
Is 120797 a prime number?
False
Is 298163 composite?
True
Is 3967 prime?
True
Is 118861 a prime number?
True
Is 4271 composite?
False
Is 192161 prime?
True
Is 14757 prime?
False
Is 867637 a prime number?
False
Is 401123 a composite number?
True
Is 77201 a prime number?
True
Is 247631 a prime number?
False
Is 27119 prime?
False
Is 562 a prime number?
False
Is 88897 a prime number?
True
Is 79133 composite?
False
Is 30311 prime?
False
Is 22094 a prime number?
False
Is 96377 prime?
True
Is 7621 a composite number?
False
Is 32749 composite?
False
Is 155921 prime?
True
Is 16871 a prime number?
True
Is 5021 composite?
False
Is 5219 a prime number?
False
Is 1034903 a composite number?
False
Is 20365 composite?
True
Is 13519 a prime number?
False
Is 1477 prime?
False
Is 3991 prime?
False
Is 71507 a composite number?
True
Is 2155 composite?
True
Is 2119 a prime number?
False
Is 1867 prime?
True
Is 22433 a composite number?
False
Is 52099 prime?
False
Is 176005 a prime number?
False
Is 214849 composite?
False
Is 9083 composite?
True
Is 4200319 a composite number?
False
Is 277895 a prime number?
False
Is 28979 prime?
True
Is 12511 prime?
True
Is 141247 a composite number?
True
Is 30631 a composite number?
False
Is 6178 composite?
True
Is 803167 prime?
False
Is 11183 prime?
False
Is 876097 composite?
False
Is 3329 prime?
True
Is 1143943 composite?
False
Is 397 composite?
False
Is 16621 a composite number?
True
Is 70469 a prime number?
False
Is 45159 a composite number?
True
Is 43541 prime?
True
Is 323387 prime?
False
Is 619739 a prime number?
True
Is 367901 composite?
True
Is 76079 a composite number?
False
Is 599231 a composite number?
False
Is 576089 a composite number?
False
Is 33379 composite?
True
Is 40249 a composite number?
True
Is 18713 a composite number?
False
Is 7493 composite?
True
Is 74821 composite?
False
Is 477163 composite?
False
Is 19973 prime?
True
Is 6157 a composite number?
True
Is 804889 prime?
True
Is 1187339 a prime number?
True
Is 111553 composite?
True
Is 955433 composite?
False
Is 30803 composite?
False
Is 242543 prime?
False
Is 91603 a prime number?
False
Is 9647 a composite number?
True
Is 11381 a composite number?
True
Is 62431 a composite number?
True
Is 2437 a prime number?
True
Is 110183 composite?
False
Is 177883 prime?
True
Is 426859 a composite number?
False
Is 117877 composite?
False
Is 590567 prime?
True
Is 25013 composite?
False
Is 78851 a composite number?
True
Is 63299 a prime number?
True
Is 186603 a composite number?
True
Is 24053 prime?
False
Is 102433 composite?
False
Is 247369 a composite number?
False
Is 62189 composite?
False
Is 48563 a composite number?
False
Is 103127 a prime number?
False
Is 527185 a composite number?
True
Is 9859 prime?
True
Is 46855 a composite number?
True
Is 148763 a prime number?
True
Is 12799 prime?
True
Is 687431 a composite number?
False
Is 7419 a composite number?
True
Is 5739 prime?
False
Is 30881 composite?
False
Is 22541 composite?
False
Is 1561711 a prime number?
True
Is 401707 composite?
False
Is 935234 composite?
True
Is 27791 a composite number?
False
Is 184553 composite?
False
Is 76561 composite?
False
Is 67103 composite?
False
Is 12539 composite?
False
Is 1121293 prime?
True
Is 144277 a prime number?
False
Is 52163 a prime number?
True
Is 8461 a prime number?
True
Is 66587 prime?
True
Is 13811 a prime number?
False
Is 207719 composite?
False
Is 676067 a prime number?
False
Is 96821 composite?
False
Is 16417 prime?
True
Is 25945 composite?
True
Is 170141 composite?
False
Is 834221 prime?
True
Is 19394 a prime number?
False
Is 33851 a composite number?
False
Is 921713 composite?
True
Is 19967 a composite number?
True
Is 272093 a prime number?
True
Is 49222 a prime number?
False
Is 12979 prime?
True
Is 8861 composite?
False
Is 43037 a composite number?
False
Is 19619 composite?
True
Is 7279 prime?
False
Is 2236133 prime?
True
Is 44989 composite?
True
Is 444079 prime?
True
Is 79721 a composite number?
True
Is 3761 a prime number?
True
Is 2659777 composite?
True
Is 13291 prime?
True
Is 31289 prime?
False
Is 394783 a prime number?
False
Is 202613 a composite number?
False
Is 890441 composite?
False
Is 31441 a prime number?
False
Is 49783 a prime number?
True
Is 12647 a prime number?
True
Is 6839 a composite number?
True
Is 377 prime?
False
Is 6805 a prime number?
False
Is 25111 a prime number?
True
Is 27179 composite?
False
Is 29069 composite?
True
Is 6547 a composite number?
False
Is 749693 a composite number?
True
Is 89 a prime number?
True
Is 118841 prime?
False
Is 533649 a prime number?
False
Is 40459 a composite number?
False
Is 42049 a prime number?
False
Is 15539 prime?
False
Is 86923 prime?
True
Is 875531 composite?
True
Is 1123999 a composite number?
False
Is 92339 a prime number?
False
Is 1991 prime?
False
Is 91747 a prime number?
False
Is 33047 composite?
True
Is 18013 prime?
True
Is 243881 prime?
False
Is 21673 prime?
True
Is 21703 a prime number?
False
Is 21467 composite?
False
Is 64541 a prime number?
False
Is 1123 composite?
False
Is 1517 a composite number?
True
Is 1069343 a composite number?
True
Is 20969 prime?
False
Is 406457 a composite number?
True
Is 62173 prime?
False
Is 15335 composite?
True
Is 1357 a composite number?
True
Is 7081 composite?
True
Is 335798 composite?
True
Is 4831 a composite number?
False
Is 3779 composite?
False
Is 3943 a prime number?
True
Is 3433 a composite number?
False
Is 58202 a prime number?
False
Is 500711 a composite number?
True
Is 1399 prime?
True
Is 16619 composite?
False
Is 527 prime?
False
Is 608777 composite?
True
Is 44259 a prime number?
False
Is 412483 composite?
True
Is 249143 composite?
False
Is 3251 a prime number?
True
Is 32681 prime?
False
Is 48617 prime?
False
Is 6841 composite?
False
Is 466121 a prime number?
True
Is 88513 a prime number?
True
Is 337177 a composite number?
True
Is 34318 a composite number?
True
Is 1109 a prime number?
True
Is 44293 a prime number?
True
Is 33 prime?
False
Is 3847 composite?
False
Is 10883 prime?
True
Is 4201 a composite number?
False
Is 7283 prime?
True
Is 16649 a composite number?
False
Is 149333 a prime number?
True
Is 795791 a composite number?
False
Is 839 a prime number?
True
Is 114913 prime?
True
Is 1109 